t is the remainder when 94983 is divided by 773?
677
Calculate the remainder when 78754 is divided by 39349.
56
What is the remainder when 256829 is divided by 3380?
3329
What is the remainder when 18436 is divided by 214?
32
Calculate the remainder when 501527 is divided by 125343.
155
Calculate the remainder when 934148 is divided by 1187.
1166
What is the remainder when 4377464 is divided by 45?
44
What is the remainder when 9439748 is divided by 77?
10
What is the remainder when 214767 is divided by 320?
47
What is the remainder when 159336 is divided by 4251?
2049
What is the remainder when 68668266 is divided by 72?
66
Calculate the remainder when 78187 is divided by 19395.
607
Calculate the remainder when 109102 is divided by 2031.
1459
What is the remainder when 6625417 is divided by 453?
292
Calculate the remainder when 1937607 is divided by 249.
138
Calculate the remainder when 3973651 is divided by 30.
1
Calculate the remainder when 16995494 is divided by 451.
10
Calculate the remainder when 363334 is divided by 121069.
127
Calculate the remainder when 11733823 is divided by 930.
13
What is the remainder when 3277959 is divided by 50?
9
What is the remainder when 2126310 is divided by 39?
30
What is the remainder when 117910571 is divided by 663?
662
What is the remainder when 2338949 is divided by 287?
186
Calculate the remainder when 184672 is divided by 3617.
205
What is the remainder when 1399237 is divided by 466308?
313
What is the remainder when 1496420 is divided by 1739?
880
Calculate the remainder when 356566605 is divided by 46.
43
Calculate the remainder when 199213 is divided by 22068.
601
Calculate the remainder when 1411323 is divided by 1541.
1308
Calculate the remainder when 22473076 is divided by 186.
184
What is the remainder when 13138747 is divided by 1689?
16
What is the remainder when 65759037 is divided by 2108?
2085
Calculate the remainder when 3045602 is divided by 13536.
2
What is the remainder when 667705 is divided by 6129?
5773
What is the remainder when 70492601 is divided by 1183?
1180
Calculate the remainder when 5715239 is divided by 653.
183
What is the remainder when 45785 is divided by 681?
158
What is the remainder when 6588459 is divided by 23?
17
What is the remainder when 148568 is divided by 2122?
28
What is the remainder when 5428442 is divided by 58?
48
What is the remainder when 188724065 is divided by 41?
40
What is the remainder when 1490353 is divided by 906?
889
What is the remainder when 66705 is divided by 472?
153
What is the remainder when 1226080 is divided by 1292?
1264
What is the remainder when 8400754 is divided by 52?
50
What is the remainder when 1821905 is divided by 11?
8
What is the remainder when 14057 is divided by 714?
491
Calculate the remainder when 166301187 is divided by 678.
669
What is the remainder when 221129 is divided by 20090?
139
What is the remainder when 5313748 is divided by 2656866?
16
What is the remainder when 4695212 is divided by 391267?
8
What is the remainder when 29332 is divided by 28879?
453
What is the remainder when 2427160 is divided by 39785?
275
What is the remainder when 1039975 is divided by 173322?
43
Calculate the remainder when 693542 is divided by 50.
42
Calculate the remainder when 3717835 is divided by 10158.
7
What is the remainder when 134831519 is divided by 4248?
4247
Calculate the remainder when 409329 is divided by 1058.
941
Calculate the remainder when 8185000 is divided by 115.
105
Calculate the remainder when 27661264 is divided by 76.
0
What is the remainder when 787707 is divided by 787391?
316
What is the remainder when 10790729 is divided by 26?
1
Calculate the remainder when 254958012 is divided by 4.
0
Calculate the remainder when 293200279 is divided by 1910.
1909
What is the remainder when 67905264 is divided by 49?
35
What is the remainder when 93798599 is divided by 2300?
2299
Calculate the remainder when 8277535 is divided by 32.
31
Calculate the remainder when 22040214 is divided by 177.
174
Calculate the remainder when 86867 is divided by 4331.
247
What is the remainder when 24605 is divided by 5946?
821
Calculate the remainder when 107784967 is divided by 35928321.
4
What is the remainder when 58076452 is divided by 62247?
1
Calculate the remainder when 3930319 is divided by 868.
15
What is the remainder when 52576272 is divided by 7510894?
14
What is the remainder when 141720 is divided by 8?
0
What is the remainder when 143715 is divided by 4?
3
Calculate the remainder when 19538287 is divided by 59.
24
Calculate the remainder when 39122 is divided by 38550.
572
Calculate the remainder when 28769734 is divided by 14384852.
30
Calculate the remainder when 11325269 is divided by 6.
5
Calculate the remainder when 214544 is divided by 317.
252
Calculate the remainder when 202088 is divided by 186.
92
What is the remainder when 3127569 is divided by 2278?
2153
Calculate the remainder when 24509329 is divided by 265.
9
Calculate the remainder when 105140 is divided by 2203.
1599
Calculate the remainder when 760483 is divided by 8641.
75
Calculate the remainder when 686306 is divided by 686271.
35
Calculate the remainder when 1075250 is divided by 2350.
1300
What is the remainder when 11706671 is divided by 292666?
31
Calculate the remainder when 9116598 is divided by 126.
120
Calculate the remainder when 5258773 is divided by 2629381.
11
What is the remainder when 973435 is divided by 1555?
5
Calculate the remainder when 254627 is divided by 1052.
43
What is the remainder when 140713 is divided by 3745?
2148
Calculate the remainder when 532474 is divided by 917.
614
Calculate the remainder when 318134 is divided by 3885.
3449
Calculate the remainder when 3434912 is divided by 158.
150
Calculate the remainder when 31694 is divided by 5512.
4134
What is the remainder when 15452535 is divided by 387?
12
What is the remainder when 9456472 is divided by 21061?
83
What is the remainder when 93620 is divided by 2399?
59
Calculate the remainder when 3087859 is divided by 378.
355
What is the remainder when 670321 is divided by 3703?
78
Calculate the remainder when 51215334 is divided by 3149.
3147
Calculate the remainder when 16679 is divided by 2197.
1300
Calculate the remainder when 15181175 is divided by 7590578.
19
What is the remainder when 1091063 is divided by 22726?
215
Calculate the remainder when 7407434 is divided by 435729.
41
Calculate the remainder when 3789230 is divided by 514.
22
Calculate the remainder when 1108466 is divided by 61578.
62
Calculate the remainder when 4107776 is divided by 2326.
60
What is the remainder when 1263369 is divided by 631641?
87
Calculate the remainder when 3429424 is divided by 118256.
0
What is the remainder when 228983 is divided by 31?
17
What is the remainder when 620688 is divided by 1072?
0
Calculate the remainder when 8651540 is divided by 831.
830
What is the remainder when 21993 is divided by 140?
13
Calculate the remainder when 247772 is divided by 40908.
2324
What is the remainder when 4648529 is divided by 114?
65
Calculate the remainder when 1817464 is divided by 2729.
2679
Calculate the remainder when 1762218751 is divided by 1952.
1951
Calculate the remainder when 33304 is divided by 4730.
194
What is the remainder when 7095010 is divided by 154237?
108
What is the remainder when 515132 is divided by 88?
68
What is the remainder when 7884121 is divided by 46?
43
Calculate the remainder when 19671215 is divided by 117090.
95
Calculate the remainder when 112203 is divided by 283.
135
Calculate the remainder when 128889 is divided by 127695.
1194
What is the remainder when 409801 is divided by 92?
33
What is the remainder when 2411218 is divided by 803387?
1057
What is the remainder when 13896570 is divided by 10332?
30
Calculate the remainder when 548684 is divided by 274326.
32
Calculate the remainder when 374878 is divided by 149.
143
Calculate the remainder when 30356340 is divided by 144.
132
What is the remainder when 74272184 is divided by 195?
194
What is the remainder when 7119113 is divided by 1423794?
143
Calculate the remainder when 59178 is divided by 28862.
1454
Calculate the remainder when 2489154 is divided by 56571.
30
Calculate the remaind